k(h) - 3*g(h). What is the units digit of p(8)?
1
Let v be (-9)/(-3) + -2 + -7. Let n be (v/15)/((-5)/50). Suppose -32 = -2*t - n*r, -2*r - 2*r = -3*t + 78. What is the units digit of t?
2
Let x = 84 - 79. Suppose 0*w - 2*q - 514 = -4*w, -4*w - x*q + 479 = 0. What is the units digit of w?
6
Let z(c) = 198*c - 1341. What is the tens digit of z(15)?
2
What is the units digit of (4/6)/(32/99984)?
3
Let v be (-285)/(-38)*(24/(-10))/(-1). Suppose -v*u + 25*u = 728. What is the hundreds digit of u?
1
Suppose -39*y - 1056 = -42*y. What is the hundreds digit of y?
3
Suppose 0*y = 3*y - 0*y. Let w(k) be the second derivative of k**3/6 + 11*k**2 + 3*k. What is the tens digit of w(y)?
2
Let y be (-1 + 3)*117/6. What is the units digit of y - (4/1 + -6)?
1
Suppose 5 = 4*p - 11. Let f(q) = 7*q**2 - 6*q - 7. Let b be f(5). Suppose 46 = -p*r + b. What is the units digit of r?
3
Let a = 86 + -81. Suppose 730 - 245 = a*o. What is the units digit of o?
7
What is the hundreds digit of 392 + 6 + 3 + -6?
3
What is the units digit of ((-3992)/28)/((-2)/(-14)*-2)?
9
Let i = 13 + -7. Suppose -i*q = -q - 140. Suppose 3*y - 2*m = q, -40 = -4*y - 0*m + 4*m. What is the units digit of y?
8
Let z(x) be the third derivative of 2*x**5/15 - 7*x**4/12 + 3*x**3 - 19*x**2. What is the units digit of z(4)?
0
Let i(a) = 3 + 3 - 1 - a + 5*a. What is the units digit of i(7)?
3
Suppose -6044 = -39*s + 64234. What is the thousands digit of s?
1
Let x = 677 + -476. What is the units digit of x?
1
Suppose -5*y - 39*y = -2420. What is the units digit of y?
5
Let o(i) = i**2 + 4*i - 7. Let a = 34 - 34. Suppose a = -3*l - 22 + 1. What is the tens digit of o(l)?
1
Let n(t) = -5*t**2 + 7*t + 17. Let v(d) = -d**2 - 1. Let j(g) = -n(g) + 4*v(g). Let a be j(9). What is the units digit of 5 + (-5 - 2 - a)?
1
What is the tens digit of (-2)/(-12) + (1558986/36)/23?
8
Suppose -13*q - 12 = -16*q. Suppose 94 = q*w - 3*r, 39 = 3*w - 3*r - 33. What is the tens digit of w?
2
Let v = 88 + -75. Suppose 5*z - v*z + 344 = 0. What is the tens digit of z?
4
What is the tens digit of ((-77)/(-22) - 3)/((-2)/(-388))?
9
Suppose -4*o + 884 = -5*a + 9*a, 4*a = 8. What is the units digit of o?
9
Let i be ((-4)/6)/(5/(-90)). Suppose i*w - 14*w + 132 = 0. What is the units digit of w?
6
Let p be 40/(-12)*(-2)/((-20)/(-15)). Suppose -3*z - 2*f = -62, 6*z + p*f - 38 = 5*z. What is the tens digit of z?
1
Suppose 3*z + 6*z = -81. What is the units digit of (-128)/(-9) - (-2)/z?
4
Suppose 3*k - 24 = -5*s, -k - 4*s = 4*k - 27. Suppose -57 = -k*f + 87. What is the tens digit of f?
4
Suppose -4*a - 2*f = -2930, 5*a = -3*f + 3978 - 313. What is the tens digit of a?
3
Let k(u) = 5*u + 53. What is the units digit of k(-4)?
3
Suppose -2*z = -3*z + 15. Let o = 14 - z. What is the units digit of o + 8 + 2/2?
8
Let c(w) = -7*w - 44. Let q be c(-7). Suppose -q*s + 8*s = 753. What is the tens digit of s?
5
Let w be ((-39)/(-6))/((-2)/(-4)). Let n = w - -6. What is the tens digit of n?
1
Suppose 5*c + 0*c - 5 = 0. Let f be -10 - (2 - c - 3). Let x = f + 9. What is the units digit of x?
1
Let n be 40/(-16)*2/(-5). Let h(a) = -a**3 + a**2 - a. Let s be h(n). What is the units digit of (s - (2 - 5)) + 3?
5
Let t(v) be the first derivative of 4*v**3/3 - 15*v - 2. Let b(w) = -5*w**2 - w + 16. Let m(h) = -5*b(h) - 6*t(h). What is the tens digit of m(-7)?
2
Suppose o = -o + 10. Suppose -g = o*s, 3*s - s + g + 3 = 0. What is the tens digit of 34/(0 + 2) + s?
1
Let a = 7 - 6. Suppose a - 3 = -f. Suppose 0 = 3*n - 4*s - 57, -s + f*s + 18 = n. What is the tens digit of n?
1
Let l(b) be the first derivative of 39*b**2/2 + 5*b + 8. Let q be l(3). Suppose -3*f + 13 + q = 3*g, -5*f + g + 231 = 0. What is the units digit of f?
6
Let p(u) = 2*u**2 - 2*u + 4. Let i be p(7). Let h = i - 49. Suppose -2*s + 3 + h = 0. What is the units digit of s?
1
Let n be (228/(-30))/(3/30). Let b = 112 + n. Let g = b - 23. What is the units digit of g?
3
Let d(x) be the first derivative of 3*x**2 + 7*x - 11. Let g be d(3). What is the tens digit of 1760/g + (-6)/(-10)?
7
Let z = -11 - -10. Let h be ((-6)/(-12))/(z/(-4)). Suppose 4 - 47 = -2*y - 3*p, h*p + 62 = 4*y. What is the units digit of y?
7
Let v(y) = -y**2 + 13*y - 17. Let h be v(11). Suppose -h*c = w - 217, 3*c + 8*w - 117 = 3*w. What is the tens digit of c?
4
Let z(l) = 2*l**2 + 16*l + 12. What is the hundreds digit of z(9)?
3
Let q be 0 - 2 - (0 + -5). Let g = q - -18. Suppose d + 2*d = g. What is the units digit of d?
7
Let z = -784 + 1633. What is the hundreds digit of z?
8
Suppose 0 = -19*g + 4*g + 14115. What is the hundreds digit of g?
9
Let q(m) = -3*m + 4. Let g be q(4). Let i be ((-18)/(-12))/(3/16). What is the tens digit of i*2/(g/(-12))?
2
Let l(h) = -h**2 + 13*h - 18. Let m be l(11). Suppose -m*g = 2*g. Suppose g = -2*s + 5*b + 35, 3*s - 5*b - 36 = 29. What is the tens digit of s?
3
Let d = 1053 + -31. What is the tens digit of d?
2
Let x(j) = j**2 + 7*j + 8. Let k be x(-6). Suppose 0 = 5*n - k*n + 108. What is the units digit of n/(-2) + (-1 - -2)?
9
Suppose -2026 - 1094 = -20*u. What is the hundreds digit of u?
1
What is the hundreds digit of (-53 + 62)*(-452)/(-3)?
3
Suppose -10*h + 1746 = -804. What is the hundreds digit of h?
2
Let y = -311 - -316. What is the units digit of y?
5
Let f(v) = -v**2 + 2*v - 7. Let j be f(8). Let b = j + 146. What is the tens digit of b?
9
Let u = -13 + 1. Let c(p) = -23*p - 4. Let t be c(u). Suppose -q + o = -68, 4*q + 0*o + o - t = 0. What is the tens digit of q?
6
Suppose 0 = 28*j - 23*j - 305. Suppose 0 = -y + 2*y + 38. Let o = j + y. What is the units digit of o?
3
Let y be (-2)/(-6)*(-4323)/(-11). Suppose 0 = 4*a - 3*p - y, p = 5*a - a - 129. What is the tens digit of a?
3
Let t = 2378 + -1472. What is the tens digit of t?
0
Let b(c) = c + 48. Let n(h) = -h**2 + 9*h + 22. Let o be n(11). Let l be b(o). What is the tens digit of (l/(-10))/((-2)/10)?
2
Suppose 2*y = -2*q + 213 - 61, 0 = -3*y - 2*q + 233. Suppose y = 5*d - 329. What is the units digit of d?
2
Let j(c) = 2*c**3 + 3*c**2 - 4*c. Let k(q) = 2*q**2 + q - 1. Let i be k(1). What is the units digit of j(i)?
0
Let r be (-430)/(-14) + (-8)/(-28). Suppose 0 = -p, 0 - 33 = -3*k + 4*p. Let q = r + k. What is the units digit of q?
2
Let a = -1922 - -1979. What is the tens digit of a?
5
Let d(f) = f + 32. Let h(w) = 3*w + 65. Let o(y) = 5*d(y) - 2*h(y). What is the units digit of o(0)?
0
What is the thousands digit of -4 - (-123)/30 - (-94107)/30?
3
Let y be (-47)/(-2) + (-5)/(-10). Let m = y + 3. What is the units digit of m?
7
Let j be ((-22)/(-66))/(2/6). What is the units digit of (-924)/(-20) + j/(-5)?
6
Suppose -4 = 4*o + 4*k, 3*o - k + 31 = 12. Let g(t) be the first derivative of -7*t**2/2 - 1. What is the units digit of g(o)?
5
Let i(s) = s**2 + 5*s + 4. Let b be i(-5). Suppose 4*q - b*w - 85 - 135 = 0, -3*q = -2*w - 162. What is the tens digit of q?
5
Let n(z) = 22 - 223*z**2 + 450*z**2 + 22*z - 228*z**2. What is the tens digit of n(19)?
7
Let i(h) = h**3 + 7*h**2 - 4*h + 11. Let y be i(-8). Let a = -49 - y. Let r = -12 - a. What is the tens digit of r?
1
Let l = 351 + -193. Let w = l + -98. What is the units digit of w?
0
Let h = 27 - 23. What is the units digit of (-4)/((h/(-40))/1)?
0
What is the hundreds digit of (849 - -23)*(0 + 1)?
8
Let b = 2 - 5. Let h be (-12)/2*b/6. Suppose 3*y + 181 = 5*z, 146 = -2*z + 6*z - h*y. What is the tens digit of z?
3
Let p(b) = -b**2 + 31*b - 1. Let h be (5 - 2) + (-150)/(-6). What is the units digit of p(h)?
3
Let m = 82 + -80. Suppose 3*u = 4*y - 631, y - m*y + u + 159 = 0. What is the tens digit of y?
5
Let m(s) = 35 - 13 - 12 + s + 13*s. What is the tens digit of m(20)?
9
Let p(i) = -i**2 + 7*i - 15. Let j be p(6). Let f = j - -24. Suppose 4*x - f = -w + 9, 2*x - 6 = 0. What is the tens digit of w?
1
Let c be (6/4)/((-15)/(-1000)). Suppose -c = -7*r + 3*r. What is the units digit of r?
5
Let d(v) be the first derivative of 2*v**3 + v**2/2 + 4*v - 4. Let j(l) be the first derivative of d(l). What is the units digit of j(1)?
3
Let k = 50 + -116. Let f be k/(-30) - (-2)/(-10). Suppose 0*m = f*m + 4*u - 132, -3*m + 195 = 5*u. What is the tens digit of m?
6
Suppose 0 = 5*r - 5*q + 60, 5*q = -r - 60 + 18. What is the tens digit of 27 - ((-70)/r - 8/68)?
2
L